{"id":370,"date":"2021-05-31T15:14:39","date_gmt":"2021-05-31T20:14:39","guid":{"rendered":"https:\/\/ieo.ieramonarcila.edu.co\/calidad\/?page_id=370"},"modified":"2021-06-11T18:09:36","modified_gmt":"2021-06-11T23:09:36","slug":"coordinadores","status":"publish","type":"page","link":"https:\/\/ieo.ieramonarcila.edu.co\/calidad\/coordinadores\/","title":{"rendered":"COORDINADORES"},"content":{"rendered":"<div id=\"pl-370\"  class=\"panel-layout\" ><div id=\"pg-370-0\"  class=\"panel-grid panel-no-style\" ><div id=\"pgc-370-0-0\"  class=\"panel-grid-cell\" ><div id=\"panel-370-0-0-0\" class=\"so-panel widget widget_black-studio-tinymce widget_black_studio_tinymce panel-first-child panel-last-child\" data-index=\"0\" ><div class=\"textwidget\"><p>&nbsp;<\/p>\n<table style=\"height: 1000px; width: 75.6989%; border-color: #000000; border-style: solid;\" width=\"75.6989%\">\n<tbody>\n<tr style=\"border-color: #000000;\">\n<td style=\"width: 100%; background-color: #8fde64; padding-left: 40px; border-style: solid; border-color: #000000;\" width=\"100%\"><span style=\"color: #000000;\"><a style=\"color: #000000;\" href=\"https:\/\/drive.google.com\/file\/d\/1LlopZylRjHXf0BvyloWvwhEeQ7Dzk4n1\/view\">Caracterizaci\u00f3n gesti\u00f3n acad\u00e9mica\u00a0 \u00a0 \u00a0 <\/a><\/span><\/td>\n<\/tr>\n<tr style=\"border-color: #000000;\">\n<td style=\"width: 100%; background-color: #8fde64; padding-left: 40px; border-style: solid; border-color: #000000;\" width=\"100%\"><span style=\"color: #000000;\"><a style=\"color: #000000;\" href=\"https:\/\/drive.google.com\/file\/d\/1LlopZylRjHXf0BvyloWvwhEeQ7Dzk4n1\/view\">Caracterizaci\u00f3n gesti\u00f3n comunitaria<\/a><\/span><\/td>\n<\/tr>\n<tr style=\"border-color: #000000;\">\n<td style=\"width: 100%; background-color: #8fde64; padding-left: 40px; border-style: solid; border-color: #000000;\" width=\"100%\"><span style=\"color: #000000;\"><a style=\"color: #000000;\" href=\"https:\/\/drive.google.com\/file\/d\/1za3dqDuLxLHeh76mJwna7O1x9D4PQnzo\/view?usp=sharing\">Indicadores de gesti\u00f3n acad\u00e9mica<\/a><\/span><\/td>\n<\/tr>\n<tr style=\"border-color: #000000;\">\n<td style=\"width: 100%; background-color: #8fde64; padding-left: 40px; border-style: solid; border-color: #000000;\" width=\"100%\"><span style=\"color: #000000;\"><a style=\"color: #000000;\" href=\"https:\/\/drive.google.com\/file\/d\/1AqXx_UDlM9NycBnjoa-KFlIOLep6xBmf\/view?usp=sharing\">Libros reglamentarios gesti\u00f3n acad\u00e9mica<\/a><\/span><\/td>\n<\/tr>\n<tr style=\"border-color: #000000;\">\n<td style=\"width: 100%; background-color: #8fde64; padding-left: 40px; border-style: solid; border-color: #000000;\" width=\"100%\"><span style=\"color: #000000;\"><a style=\"color: #000000;\" href=\"https:\/\/drive.google.com\/file\/d\/1h9BnzPaSC9wFliJM_LLpX2eUTpVkrnl3\/view\">Asistencia reuni\u00f3n escuela para padres de familia<\/a><\/span><\/td>\n<\/tr>\n<tr style=\"border-color: #000000; padding-left: 40px;\">\n<td style=\"width: 100%; background-color: #8fde64; padding-left: 40px; border-style: solid; border-color: #000000;\" width=\"100%\"><span style=\"color: #000000;\"><a style=\"color: #000000;\" href=\"https:\/\/drive.google.com\/file\/d\/17xb20Fje5g7u7vx27vOQROQXEai7ogVJ\/view?usp=sharing\">Indicadores de gesti\u00f3n comunitaria<\/a><\/span><\/td>\n<\/tr>\n<tr style=\"border-color: #000000; padding-left: 40px;\">\n<td style=\"width: 100%; background-color: #8fde64; padding-left: 40px; border-style: solid; border-color: #000000;\" width=\"100%\"><span style=\"color: #000000;\"><a style=\"color: #000000;\" href=\"https:\/\/drive.google.com\/file\/d\/1PYqT7z4MvSSCPJeR8Q78B50r_lOilREQ\/view?usp=sharing\">Seguimientos a actividades de proyectos<\/a>\u00a0 \u00a0 \u00a0 \u00a0 \u00a0 \u00a0 \u00a0 \u00a0 \u00a0 \u00a0 \u00a0 \u00a0<\/span><\/td>\n<\/tr>\n<tr style=\"border-color: #000000; padding-left: 40px;\">\n<td style=\"width: 100%; background-color: #8fde64; padding-left: 40px; border-style: solid; border-color: #000000;\" width=\"100%\"><span style=\"color: #000000;\"><a style=\"color: #000000;\" href=\"https:\/\/drive.google.com\/file\/d\/1oZrWRzZ_vMM5vtUYJH9dILgeqBc93DNW\/view?usp=sharing\">Remisi\u00f3n casos a comit\u00e9 de convivencia escolar<\/a><\/span><\/td>\n<\/tr>\n<tr style=\"border-color: #000000; padding-left: 40px;\">\n<td style=\"width: 100%; background-color: #8fde64; padding-left: 40px; border-style: solid; border-color: #000000;\" width=\"100%\"><span style=\"color: #000000;\"><a style=\"color: #000000;\" href=\"https:\/\/drive.google.com\/file\/d\/10XJmyWNFMRclB0gS0V_60izrPt97rXkR\/view?usp=sharing\">Atenci\u00f3n a casos de convivencia escolar<\/a><\/span><\/td>\n<\/tr>\n<tr style=\"border-color: #000000; padding-left: 40px;\">\n<td style=\"width: 100%; background-color: #8fde64; padding-left: 40px; border-style: solid; border-color: #000000;\" width=\"100%\"><span style=\"color: #000000;\"><a style=\"color: #000000;\" href=\"https:\/\/drive.google.com\/file\/d\/17dZoG7-3D8QXyoW6OQswF9QJzvcuKjSk\/view?usp=sharing\">Certificado servicio social estudiantil obligatorio<\/a><\/span><\/td>\n<\/tr>\n<tr style=\"border-color: #000000; padding-left: 40px;\">\n<td style=\"width: 100%; background-color: #8fde64; padding-left: 40px; border-style: solid; border-color: #000000;\" width=\"100%\"><span style=\"color: #000000;\"><a style=\"color: #000000;\" href=\"https:\/\/drive.google.com\/file\/d\/19CNUqUWB0AuGYd3iDqLC1n-3xWlT1o4M\/view?usp=sharing\">Remisi\u00f3n entidades externas<\/a><\/span><\/td>\n<\/tr>\n<tr style=\"border-color: #000000; padding-left: 40px;\">\n<td style=\"width: 100%; background-color: #8fde64; padding-left: 40px; border-style: solid; border-color: #000000;\" width=\"100%\"><span style=\"color: #000000;\"><a style=\"color: #000000;\" href=\"https:\/\/drive.google.com\/file\/d\/1UZBDFEf0-X9RC9nByjzzUxArX0Mqcun9\/view?usp=sharing\">Reporte salida pedag\u00f3gica<\/a><\/span><\/td>\n<\/tr>\n<tr style=\"border-color: #000000; padding-left: 40px;\">\n<td style=\"width: 100%; background-color: #8fde64; padding-left: 40px; border-style: solid; border-color: #000000;\" width=\"100%\"><span style=\"color: #000000;\"><a style=\"color: #000000;\" href=\"https:\/\/drive.google.com\/file\/d\/1xekkJ8IVVfa8mofYqfil2ywRjF3pjmBi\/view?usp=sharing\">Seguimiento men\u00fa restaurante escolar<\/a><\/span><\/td>\n<\/tr>\n<tr style=\"border-color: #000000; padding-left: 40px;\">\n<td style=\"width: 100%; background-color: #8fde64; padding-left: 40px; border-style: solid; border-color: #000000;\" width=\"100%\"><span style=\"color: #000000;\"><a style=\"color: #000000;\" href=\"https:\/\/drive.google.com\/file\/d\/1JKAzPeGqWtnf4PpNYM7t8E_oTuFYtaWG\/view?usp=sharing\">Registro y control de SSEO<\/a><\/span><\/td>\n<\/tr>\n<tr style=\"border-color: #000000; padding-left: 40px;\">\n<td style=\"width: 100%; background-color: #8fde64; padding-left: 40px; border-style: solid; border-color: #000000;\" width=\"100%\"><span style=\"color: #000000;\"><a style=\"color: #000000;\" href=\"https:\/\/drive.google.com\/file\/d\/1ePXHlBXZrZSl99DwEtplpARxrljAnHxp\/view?usp=sharing\">Relaci\u00f3n de permisos de ausentismo<\/a><\/span><\/td>\n<\/tr>\n<tr style=\"border-color: #000000; padding-left: 40px;\">\n<td style=\"width: 100%; background-color: #8fde64; padding-left: 40px; border-style: solid; border-color: #000000;\" width=\"100%\"><span style=\"color: #000000;\">Formato asignaci\u00f3n acad\u00e9mica<\/span><\/td>\n<\/tr>\n<tr style=\"border-color: #000000; padding-left: 40px;\">\n<td style=\"width: 100%; background-color: #8fde64; padding-left: 40px; border-style: solid; border-color: #000000;\" width=\"100%\"><span style=\"color: #000000;\"><a style=\"color: #000000;\" href=\"https:\/\/drive.google.com\/file\/d\/1RMAGVFjUp5kfdy6mR6HZ0LOknUoOKr4p\/view?usp=sharing\">Control salida de estudiantes<\/a><\/span><\/td>\n<\/tr>\n<tr style=\"border-color: #000000; padding-left: 40px;\">\n<td style=\"width: 100%; background-color: #8fde64; padding-left: 40px; border-style: solid; border-color: #000000;\" width=\"100%\"><span style=\"color: #000000;\">Requisici\u00f3n y entrega de materiales<\/span><\/td>\n<\/tr>\n<tr style=\"border-color: #000000; padding-left: 40px;\">\n<td style=\"width: 100%; background-color: #8fde64; padding-left: 40px; border-style: solid; border-color: #000000;\" width=\"100%\"><span style=\"color: #000000;\"><a style=\"color: #000000;\" href=\"https:\/\/drive.google.com\/file\/d\/1f5VD_JfvOz0aKLniCq00UdON0JSHyoSc\/view?usp=sharing\">Consolidado mensual de horas extras<\/a><\/span><\/td>\n<\/tr>\n<tr style=\"border-color: #000000; padding-left: 40px;\">\n<td style=\"width: 100%; background-color: #8fde64; padding-left: 40px; border-style: solid; border-color: #000000;\" width=\"100%\"><span style=\"color: #000000;\"><a style=\"color: #000000;\" href=\"https:\/\/drive.google.com\/file\/d\/1FylRzeFu7VUUqU2TEhG3y7U7NpbFe1XJ\/view?usp=sharing\">Encuesta de satisfacci\u00f3n<\/a><\/span><\/td>\n<\/tr>\n<tr style=\"border-color: #000000; padding-left: 40px;\">\n<td style=\"width: 100%; background-color: #8fde64; padding-left: 40px; border-style: solid; border-color: #000000;\" width=\"100%\"><\/td>\n<\/tr>\n<tr style=\"border-color: #000000; padding-left: 40px;\">\n<td style=\"width: 100%; background-color: #8fde64; padding-left: 40px; border-style: solid; border-color: #000000;\" width=\"100%\"><span style=\"color: #000000;\"><a style=\"color: #000000;\" href=\"https:\/\/drive.google.com\/file\/d\/1jzOAK6tHiGByoDa-H6lKBYhrH4M3VBBI\/view?usp=sharing\">Solicitud de creaci\u00f3n, modificaci\u00f3n o anulaci\u00f3n de documentos<\/a><\/span><\/td>\n<\/tr>\n<tr style=\"border-color: #000000; padding-left: 40px;\">\n<td style=\"width: 100%; background-color: #8fde64; padding-left: 40px; border-style: solid; border-color: #000000;\" width=\"100%\"><span style=\"color: #000000;\">Formato de acta<\/span><\/td>\n<\/tr>\n<tr style=\"border-color: #000000; padding-left: 40px;\">\n<td style=\"width: 100%; background-color: #8fde64; padding-left: 40px; border-style: solid; border-color: #000000;\" width=\"100%\"><span style=\"color: #000000;\"><a style=\"color: #000000;\" href=\"https:\/\/drive.google.com\/file\/d\/1QY0cuMl27DKvwjXPPyIjX-1XuGKyPE0A\/view?usp=sharing\">Acta apertura auditoria interna<\/a><\/span><\/td>\n<\/tr>\n<tr style=\"border-color: #000000; padding-left: 40px;\">\n<td style=\"width: 100%; background-color: #8fde64; padding-left: 40px; border-style: solid; border-color: #000000;\" width=\"100%\"><span style=\"color: #000000;\">Lista de chequeo gestiones<\/span><\/td>\n<\/tr>\n<tr style=\"border-color: #000000; padding-left: 40px;\">\n<td style=\"width: 100%; background-color: #8fde64; padding-left: 40px; border-style: solid; border-color: #000000;\" width=\"100%\"><span style=\"color: #000000;\"><a style=\"color: #000000;\" href=\"https:\/\/drive.google.com\/file\/d\/1gFQyT9SQJw-soTP-hYhSnZhQ_ksSIaNR\/view?usp=sharing\">Acta cierre auditoria interna<\/a><\/span><\/td>\n<\/tr>\n<tr style=\"border-color: #000000; padding-left: 40px;\">\n<td style=\"width: 100%; background-color: #8fde64; padding-left: 40px; border-style: solid; border-color: #000000;\" width=\"100%\"><span style=\"color: #000000;\"><a style=\"color: #000000;\" href=\"https:\/\/drive.google.com\/file\/d\/1IVcOOxFshw-Bl9bXkkKtUw-zMEDgURcX\/view?usp=sharing\">Informe auditoria interna<\/a><\/span><\/td>\n<\/tr>\n<tr style=\"border-color: #000000; padding-left: 40px;\">\n<td style=\"width: 100%; background-color: #8fde64; padding-left: 40px; border-style: solid; border-color: #000000;\" width=\"100%\"><span style=\"color: #000000;\"><a style=\"color: #000000;\" href=\"https:\/\/drive.google.com\/file\/d\/16wWD28RHThtDGgRBv9M6l9WN2o0v1YYo\/view?usp=sharing\">Plantilla institucional<\/a><\/span><\/td>\n<\/tr>\n<tr style=\"border-color: #000000; padding-left: 40px;\">\n<td style=\"width: 100%; background-color: #8fde64; padding-left: 40px; border-style: solid; border-color: #000000;\" width=\"100%\"><span style=\"color: #000000;\"><a style=\"color: #000000;\" href=\"https:\/\/drive.google.com\/file\/d\/10EaOO3882t1og0Q3UTLtlRrlfVxTpHq5\/view\">Evaluacion al evento<\/a><\/span><\/td>\n<\/tr>\n<tr style=\"border-color: #000000; padding-left: 40px;\">\n<td style=\"width: 100%; background-color: #8fde64; padding-left: 40px; border-style: solid; border-color: #000000;\" width=\"100%\"><span style=\"color: #000000;\"><a style=\"color: #000000;\" href=\"https:\/\/drive.google.com\/file\/d\/105bAnfCl3jV3-rQS4ueWGdesazek7ycZ\/view?usp=sharing\">Quejas, reclamos, sugerencias y exaltaciones<\/a><\/span><\/td>\n<\/tr>\n<tr style=\"border-color: #000000; padding-left: 40px;\">\n<td style=\"width: 100%; background-color: #8fde64; padding-left: 40px; border-style: solid; border-color: #000000;\" width=\"100%\"><span style=\"color: #000000;\"><a style=\"color: #000000;\" href=\"https:\/\/drive.google.com\/file\/d\/1AKriGvoDCfs73QXMwjde2DHdnYcbMjoR\/view?usp=sharing\">Citaci\u00f3n a reuniones institucionales<\/a><\/span><\/td>\n<\/tr>\n<tr style=\"border-color: #000000; padding-left: 40px;\">\n<td style=\"width: 100%; background-color: #8fde64; padding-left: 40px; border-style: solid; border-color: #000000;\" width=\"100%\"><span style=\"color: #000000;\"><a style=\"color: #000000;\" href=\"https:\/\/drive.google.com\/file\/d\/1s2Q0v0rKlctpgQcP3XWh2o1CxQdkRgwI\/view?usp=sharing\">Plan de auditoria interna<\/a><\/span><\/td>\n<\/tr>\n<tr style=\"border-color: #000000; padding-left: 40px;\">\n<td style=\"width: 100%; background-color: #8fde64; padding-left: 40px; border-style: solid; border-color: #000000;\" width=\"100%\"><span style=\"color: #000000;\"><a style=\"color: #000000;\" href=\"https:\/\/drive.google.com\/file\/d\/19v-dgb43b1S74TKvW8GmOmsl9Hbgec3w\/view\">Citaci\u00f3n a padres de familia y\/o acudientes<\/a><\/span><\/td>\n<\/tr>\n<tr style=\"border-color: #000000; padding-left: 40px;\">\n<td style=\"width: 100%; background-color: #8fde64; padding-left: 40px; border-style: solid; border-color: #000000;\" width=\"100%\"><span style=\"color: #000000;\"><a style=\"color: #000000;\" href=\"https:\/\/drive.google.com\/file\/d\/1j4odbeDpobbZiMXuNyu0NJcTTEO-s7s9\/view\">Paz y salvo<\/a><\/span><\/td>\n<\/tr>\n<\/tbody>\n<\/table>\n<p style=\"padding-left: 40px;\">\n<\/div><\/div><\/div><\/div><\/div>","protected":false},"excerpt":{"rendered":"<p>&nbsp; Caracterizaci\u00f3n gesti\u00f3n acad\u00e9mica\u00a0 \u00a0 \u00a0 Caracterizaci\u00f3n gesti\u00f3n comunitaria Indicadores de gesti\u00f3n acad\u00e9mica Libros reglamentarios gesti\u00f3n acad\u00e9mica Asistencia reuni\u00f3n escuela &hellip; <\/p>\n","protected":false},"author":142,"featured_media":0,"parent":0,"menu_order":0,"comment_status":"closed","ping_status":"closed","template":"","meta":[],"_links":{"self":[{"href":"https:\/\/ieo.ieramonarcila.edu.co\/calidad\/wp-json\/wp\/v2\/pages\/370"}],"collection":[{"href":"https:\/\/ieo.ieramonarcila.edu.co\/calidad\/wp-json\/wp\/v2\/pages"}],"about":[{"href":"https:\/\/ieo.ieramonarcila.edu.co\/calidad\/wp-json\/wp\/v2\/types\/page"}],"author":[{"embeddable":true,"href":"https:\/\/ieo.ieramonarcila.edu.co\/calidad\/wp-json\/wp\/v2\/users\/142"}],"replies":[{"embeddable":true,"href":"https:\/\/ieo.ieramonarcila.edu.co\/calidad\/wp-json\/wp\/v2\/comments?post=370"}],"version-history":[{"count":42,"href":"https:\/\/ieo.ieramonarcila.edu.co\/calidad\/wp-json\/wp\/v2\/pages\/370\/revisions"}],"predecessor-version":[{"id":453,"href":"https:\/\/ieo.ieramonarcila.edu.co\/calidad\/wp-json\/wp\/v2\/pages\/370\/revisions\/453"}],"wp:attachment":[{"href":"https:\/\/ieo.ieramonarcila.edu.co\/calidad\/wp-json\/wp\/v2\/media?parent=370"}],"curies":[{"name":"wp","href":"https:\/\/api.w.org\/{rel}","templated":true}]}}