{"id":2,"date":"2021-01-17T17:38:39","date_gmt":"2021-01-17T17:38:39","guid":{"rendered":"https:\/\/ieo.ieramonarcila.edu.co\/calidad\/?page_id=2"},"modified":"2021-06-12T09:01:24","modified_gmt":"2021-06-12T14:01:24","slug":"inicio","status":"publish","type":"page","link":"https:\/\/ieo.ieramonarcila.edu.co\/calidad\/inicio\/","title":{"rendered":"INICIO"},"content":{"rendered":"<div id=\"pl-2\"  class=\"panel-layout\" ><div id=\"pg-2-0\"  class=\"panel-grid panel-no-style\" ><div id=\"pgc-2-0-0\"  class=\"panel-grid-cell\" ><div id=\"panel-2-0-0-0\" class=\"so-panel widget widget_black-studio-tinymce widget_black_studio_tinymce panel-first-child panel-last-child\" data-index=\"0\" ><div class=\"panel-widget-style panel-widget-style-for-2-0-0-0\" ><div class=\"textwidget\"><h2><span style=\"color: #ffffff;\">*<\/span><\/h2>\n<h2 style=\"padding-left: 40px; text-align: left;\"><span style=\"color: #ff0000;\"><strong>Nuestro Sistema de Calidad.<\/strong><\/span><\/h2>\n<p><img class=\"wp-image-506 size-medium alignleft\" src=\"https:\/\/ieo.ieramonarcila.edu.co\/calidad\/wp-content\/uploads\/sites\/12\/2021\/06\/Flip-194x300.png\" alt=\"\" width=\"194\" height=\"300\" \/><\/p>\n<p style=\"padding-left: 40px;\"><span style=\"color: #000000;\">El Sistema de Gesti\u00f3n de la Calidad de la Instituci\u00f3n Educativa Monse\u00f1or Ram\u00f3n Arcila se basa en el principio de que cada<\/span><\/p>\n<p style=\"padding-left: 40px;\"><span style=\"color: #000000;\">\u00a0operaci\u00f3n necesaria para la prestaci\u00f3n del servicio debe generar un valor superior en el usuario. Es por e<\/span><span style=\"color: #000000;\">sta raz\u00f3n que permea toda la estructura y responsabilidades del personal para lograrlo.<\/span><\/p>\n<p style=\"padding-left: 40px;\"><span style=\"color: #000000;\">Debemos tener en cuenta que la calidad no es la meta sino el camino. Permanentemente se deben revisar los<\/span><span style=\"color: #000000;\">\u00a0procesos y actividades generando una cultura de mejoramiento continuo, basada en la evidencia con enfoque claro hacia el cumplimiento de los diferentes requisitos, especialmente las necesidades, percepciones y expectativas de nuestros estudiantes y su acudiente.<\/span><\/p>\n<p style=\"padding-left: 40px;\"><span style=\"color: #000000;\">Para la Instituci\u00f3n Educativa Monse\u00f1or Ram\u00f3n Arcila, la idea de la<\/span><\/p>\n<p><img class=\"size-medium wp-image-509 alignright\" src=\"https:\/\/ieo.ieramonarcila.edu.co\/calidad\/wp-content\/uploads\/sites\/12\/2021\/06\/Maya-194x300.png\" alt=\"\" width=\"194\" height=\"300\" \/><\/p>\n<p style=\"padding-left: 40px;\"><span style=\"color: #000000;\">\u00a0Gesti\u00f3n de la Calidad va m\u00e1s all\u00e1 de las mejoras del servicio. Propendemos favorecer en nuestros estudiantes la construcci\u00f3n de un proyecto de vida y aportar con nuestros egresados al desarrollo de la regi\u00f3n en los aspectos pol\u00edticos y sociales.<\/span><\/p>\n<p>&nbsp;<\/p>\n<p>&nbsp;<\/p>\n<\/div><\/div><\/div><\/div><\/div><div id=\"pg-2-1\"  class=\"panel-grid panel-no-style\" ><div id=\"pgc-2-1-0\"  class=\"panel-grid-cell\" ><div id=\"panel-2-1-0-0\" class=\"so-panel widget widget_black-studio-tinymce widget_black_studio_tinymce panel-first-child\" data-index=\"1\" ><div class=\"panel-widget-style panel-widget-style-for-2-1-0-0\" ><div class=\"textwidget\"><h2><\/h2>\n<h2 style=\"padding-left: 40px;\"><span style=\"color: #ff0000;\"><strong>Informaci\u00f3n Importante.<\/strong><\/span><\/h2>\n<p style=\"padding-left: 40px;\"><span style=\"color: #000000;\">Debido a las condiciones at\u00edpicas generadas por la emergencia sanitaria por COVID-19 durante el a\u00f1o 2020 que afectaron el desarrollo de algunas actividades institucionales para la prestaci\u00f3n de servicios acad\u00e9micos y complementarios en virtualidad y acatando lo establecido en la Norma ISO 9001:2015 en el numeral 6.3, el Comit\u00e9 de Calidad tom\u00f3 la decisi\u00f3n de suspender durante el tiempo de trabajo no presencial, el uso de los siguientes formatos:<\/span><\/p>\n<ul style=\"list-style-type: circle;\">\n<li><span style=\"font-size: 12pt;\">\u00a0<span style=\"color: #000000;\">GA-Fo-10 Plan de mejoramiento acad\u00e9mico<\/span><\/span><\/li>\n<li><span style=\"font-size: 12pt; color: #000000;\">\u00a0GA-Fo-08 Inasistencias<\/span><\/li>\n<li><span style=\"font-size: 12pt; color: #000000;\">\u00a0GA-Fo-09 Excusa estudiantes<\/span><\/li>\n<li><span style=\"font-size: 12pt; color: #000000;\">\u00a0GA-Fo-22 Seguimiento diario transici\u00f3n<\/span><\/li>\n<li><span style=\"font-size: 12pt; color: #000000;\">\u00a0GC-Fo-11 Remisi\u00f3n entidades externas<\/span><\/li>\n<li><span style=\"font-size: 12pt; color: #000000;\">\u00a0GC-Fo-13 Seguimiento Restaurante Escolar<\/span><\/li>\n<li><span style=\"font-size: 12pt; color: #000000;\">\u00a0GD-Fo-11 Control salido de estudiantes<\/span><\/li>\n<li><span style=\"font-size: 12pt; color: #000000;\">\u00a0GD-Fo-08 Permisos de ausentismo<\/span><\/li>\n<li><span style=\"font-size: 12pt; color: #000000;\">\u00a0GD-Fo-09 Relaci\u00f3n permisos de ausentismo<\/span><\/li>\n<li><span style=\"font-size: 12pt; color: #000000;\">\u00a0GD-Fo-11 Control salida de estudiantes<\/span><\/li>\n<li><span style=\"color: #000000;\"><span style=\"font-size: 12pt;\">\u00a0GD-Fo-12 Control Entrada y Salida Docentes<\/span><span style=\"font-size: 12pt;\">\u00a0<\/span><\/span><\/li>\n<li><span style=\"font-size: 12pt; color: #000000;\">GM-Fo-08 Comprobante de matr\u00edcula<\/span><\/li>\n<\/ul>\n<p style=\"padding-left: 40px;\"><span style=\"color: #000000;\">Adem\u00e1s, se ha realizado la anulaci\u00f3n de los siguientes formatos por p\u00e9rdida de funcionalidad:<\/span><\/p>\n<ul style=\"list-style-type: circle;\">\n<li><span style=\"color: #000000;\">GA-Fo-07 Seguimiento Indicadores de Gesti\u00f3n Acad\u00e9mica<\/span><\/li>\n<li><span style=\"color: #000000;\">GA-Fo-22 Seguimiento diario Transici\u00f3n<\/span><\/li>\n<li><span style=\"color: #000000;\">GC-Fo-01 Asistencia reuni\u00f3n escuela para familias<\/span><\/li>\n<li><span style=\"color: #000000;\">GD-Fo-06 Plan Operativo Anual de Inversiones POAI<\/span><\/li>\n<\/ul>\n<\/div><\/div><\/div><div id=\"panel-2-1-0-1\" class=\"so-panel widget widget_black-studio-tinymce widget_black_studio_tinymce\" data-index=\"2\" ><div class=\"textwidget\"><p><span style=\"color: #000000;\"><strong>Novedad<\/strong>: <\/span><\/p>\n<ul>\n<li><span style=\"color: #000000;\">Modificaci\u00f3n del formato GK-Fo-04 Matriz de Acciones Correctivas y de Mejora.<\/span><\/li>\n<li><span style=\"color: #000000;\">Eliminaci\u00f3n del formato GK-Fo-05 Acciones Correctivas y de Mejora.<\/span><\/li>\n<li><span style=\"font-family: 'arial black', sans-serif;\"><span style=\"color: #000000; font-family: georgia, palatino, serif;\">Nuevo procedimiento de Acciones Correctivas y de Mejora.<\/span><span style=\"color: #99cc00;\">\u00a0<span style=\"font-family: georgia, palatino, serif;\"><a style=\"color: #99cc00;\" href=\"https:\/\/drive.google.com\/file\/d\/1pGbkFjzG_LjUzjAF6wh2LCq6eaWXy98y\/view\">Descargar<\/a><\/span><\/span><\/span><\/li>\n<\/ul>\n<\/div><\/div><div id=\"panel-2-1-0-2\" class=\"so-panel widget widget_black-studio-tinymce widget_black_studio_tinymce panel-last-child\" data-index=\"3\" ><div class=\"textwidget\"><p><span style=\"font-family: 'arial black', sans-serif;\"><span style=\"color: #0000ff;\">\u00a1Iniciamos nuestro primer ciclo de Auditor\u00edas Internas a\u00f1o 2021!\u00a0 Conoce la programaci\u00f3n <\/span><span style=\"color: #99cc00;\"><a style=\"color: #99cc00;\" href=\"https:\/\/drive.google.com\/file\/d\/1U-2gbqkvuwNYBqYy_KSyohJsrubdtS0o\/view\">AQU\u00cd<\/a><\/span><\/span><\/p>\n<\/div><\/div><\/div><\/div><\/div>","protected":false},"excerpt":{"rendered":"<p>* Nuestro Sistema de Calidad. El Sistema de Gesti\u00f3n de la Calidad de la Instituci\u00f3n Educativa Monse\u00f1or Ram\u00f3n Arcila se &hellip; <\/p>\n","protected":false},"author":1,"featured_media":0,"parent":0,"menu_order":0,"comment_status":"closed","ping_status":"open","template":"","meta":[],"_links":{"self":[{"href":"https:\/\/ieo.ieramonarcila.edu.co\/calidad\/wp-json\/wp\/v2\/pages\/2"}],"collection":[{"href":"https:\/\/ieo.ieramonarcila.edu.co\/calidad\/wp-json\/wp\/v2\/pages"}],"about":[{"href":"https:\/\/ieo.ieramonarcila.edu.co\/calidad\/wp-json\/wp\/v2\/types\/page"}],"author":[{"embeddable":true,"href":"https:\/\/ieo.ieramonarcila.edu.co\/calidad\/wp-json\/wp\/v2\/users\/1"}],"replies":[{"embeddable":true,"href":"https:\/\/ieo.ieramonarcila.edu.co\/calidad\/wp-json\/wp\/v2\/comments?post=2"}],"version-history":[{"count":71,"href":"https:\/\/ieo.ieramonarcila.edu.co\/calidad\/wp-json\/wp\/v2\/pages\/2\/revisions"}],"predecessor-version":[{"id":555,"href":"https:\/\/ieo.ieramonarcila.edu.co\/calidad\/wp-json\/wp\/v2\/pages\/2\/revisions\/555"}],"wp:attachment":[{"href":"https:\/\/ieo.ieramonarcila.edu.co\/calidad\/wp-json\/wp\/v2\/media?parent=2"}],"curies":[{"name":"wp","href":"https:\/\/api.w.org\/{rel}","templated":true}]}}